{"id":55,"date":"2020-09-17T17:07:28","date_gmt":"2020-09-17T15:07:28","guid":{"rendered":"http:\/\/www.nzozlitewska.pl\/?page_id=55"},"modified":"2025-10-28T20:22:04","modified_gmt":"2025-10-28T19:22:04","slug":"dla-pacjentow","status":"publish","type":"page","link":"https:\/\/www.nzozlitewska.pl\/index.php\/dla-pacjentow\/","title":{"rendered":"Dla pacjent\u00f3w"},"content":{"rendered":"\n<h2>Zakres prowadzonej terapii:<\/h2>\n<p style=\"text-align: justify; text-indent: 40px;\">Prowadzimy terapi\u0119 os\u00f3b uzale\u017cnionych od alkoholu, a tak\u017ce os\u00f3b u\u017cywaj\u0105cych naprzemiennie alkoholu i innych \u015brodk\u00f3w psychoaktywnych oraz cz\u0142onk\u00f3w ich rodzin.<\/p>\n<p style=\"text-align: justify;\">Ka\u017cdy kto podejmie decyzj\u0119 o leczeniu mo\u017ce je rozpocz\u0105\u0107 w dowolnym momencie. Zostanie um\u00f3wiony do psychologa i lekarza. Leczenie rozpoczyna si\u0119 od postawienia diagnozy i ustalenia planu leczenia.<\/p>\n<p style=\"text-align: justify; text-indent: 40px;\">W procesie leczenia stosujemy psychoterapi\u0119 indywidualn\u0105 i grupow\u0105. Plan psychoterapii indywidualnej jest ustalany na pierwszym spotkaniu diagnostycznym. Na terapi\u0119 grupow\u0105 kieruje psycholog prowadz\u0105cy terapi\u0119 indywidualn\u0105. Terapi\u0119 grupow\u0105 prowadzimy dwuetapowo:<\/p>\n<ul>\n<li>pierwszy etap to grupa psychoedukacyjna<\/li>\n<li>drugi to psychoterapia pog\u0142\u0119biona<\/li>\n<\/ul>\n<br>\n<p style=\"text-align: justify; text-indent: 40px;\">Obecnie rozszerzamy nasz\u0105 ofert\u0119 terapii skierowanej do doros\u0142ych os\u00f3b pochodz\u0105cych z rodzin alkoholik\u00f3w.<\/p>\n<h2>Og\u00f3lne zasady udzielania \u015bwiadcze\u0144:<\/h2>\n<ul>\n<li>leczenie jest bezp\u0142atne, finansowane przez NFZ<\/li>\n<li>dla os\u00f3b uzale\u017cnionych od alkoholu i z naprzemiennym uzale\u017cnieniem leczenie jest dost\u0119pne bez skierowania<\/li>\n<li>osoby wsp\u00f3\u0142uzale\u017cnione, je\u015bli mieszkaj\u0105 z osob\u0105 uzale\u017cnion\u0105, nie potrzebuj\u0105 skierowania<\/li>\n<li>od Doros\u0142ych Dzieci Alkoholik\u00f3w wymagamy skierowania, ale mog\u0105 je te\u017c uzyska\u0107 u naszego lekarza<\/li>\n<li>aby by\u0107 przyj\u0119tym nale\u017cy poda\u0107 numeru PESEL oraz swoje dane<\/li>\n<li>przy pierwszej wizycie w Poradni nale\u017cy koniecznie okaza\u0107 dow\u00f3d to\u017csamo\u015bci <\/li>\n<li>osoby uzale\u017cnione s\u0105 przyjmowane r\u00f3wnie\u017c bez ubezpieczenia<\/li>\n<li>rejestracja odbywa si\u0119  telefonicznie,  osobi\u015bcie lub elektronicznie  na okre\u015blony dzie\u0144 i godzin\u0119.<\/li>\n<\/ul>\n<br>\n<p style=\"text-align: justify; text-indent: 40px;\">Poradnia czynna jest w poniedzia\u0142ki i pi\u0105tki od 8:00 do 19:00, a we wtorki, \u015brody i czwartki od 9:00 do 20:00.<\/p>\n<p style=\"text-align: justify; text-indent: 40px;\">W zwi\u0105zku z funkcjonowaniem systemu weryfikacji ubezpieczenia (EWU\u015a) prosimy o przybycie na wizyt\u0119 15 minut wcze\u015bniej i zg\u0142oszenie si\u0119 w rejestracji.<\/p>\n<p style=\"text-align: justify; text-indent: 40px;\">W przypadku braku mo\u017cliwo\u015bci przybycia na wizyt\u0119 prosimy o informacj\u0119, dzi\u0119ki temu inna osoba b\u0119dzie mog\u0142a skorzysta\u0107 z tego terminu.<\/p>\n<p style=\"text-align: justify;\">Szanowni Pa\u0144stwo zach\u0119camy do korzystania z e-rejestracji do Naszej Poradni. <a href=\"https:\/\/lekarzebezkolejki.pl\/placowka\/NzozPoradniaLeczeniaUzaleznienIWspoluzaleznieniaPoznan\">E-Rejestracja<\/a><\/p>\n<p style=\"text-align: justify;\">Pacjent\u00f3w, kt\u00f3rzy chcieliby si\u0119 zapisa\u0107 do Poradni po raz pierwszy prosimy o kontakt telefoniczny.<\/p>\n<h2>Wyci\u0105g z Regulaminu Organizacyjnego Podmiotu Leczniczego<\/h2>\n<p style=\"text-align: center;\">Nr ksi\u0119gi 000000017502 REGON  634512746<\/p>\n<p style=\"text-align: center;\"><strong>\u00a75<\/strong><\/p>\n<ol start=\"1\">\n<li>Podmiot leczniczy udziela \u015bwiadcze\u0144 zdrowotnych w rodzaju ambulatoryjne \u015bwiadczenia zdrowotne w zakresie \u015bwiadczenia terapii uzale\u017cnienia i wsp\u00f3\u0142uzale\u017cnienia od alkoholu. Podmiot leczniczy zapewnia przyj\u0119temu pacjentowi, zgodnie z obowi\u0105zuj\u0105cymi w tym zakresie odr\u0119bnymi przepisami, a tak\u017ce umow\u0105 z pacjentem wykonanie \u015bwiadczenia zdrowotnego.<\/li>\n<\/ol>\n<p style=\"text-align: center;\"><strong>\u00a711<\/strong><\/p>\n<ol start=\"4\">\n<li>Op\u0142aty za udost\u0119pnienie dokumentacji medycznej wynosz\u0105 za:<ul><li>Jedn\u0105 stron\u0119 wyci\u0105gu lub odpisu dokumentacji medycznej &#8211; 0,002 przeci\u0119tnego wynagrodzenia w poprzednim kwartale, pocz\u0105wszy od pierwszego dnia nast\u0119pnego miesi\u0105ca po og\u0142oszeniu przez Prezesa G\u0142\u00f3wnego Urz\u0119du Statystycznego w Dzienniku Urz\u0119dowym Rzeczypospolitej Polskiej &#8220;Monitor Polski&#8221; na podstawie art. 20 pkt 2 ustawy z dnia 17 grudnia 1998 r. o emeryturach i rentach z Funduszu Ubezpiecze\u0144 Spo\u0142ecznych;<\/li><li>Jedn\u0105 stron\u0119 kopii dokumentacji medycznej &#8211; 0,00007 przeci\u0119tnego wynagrodzenia, o kt\u00f3rym mowa w pkt 1;<\/li><li>Sporz\u0105dzenie wyci\u0105gu, odpisu lub kopii dokumentacji medycznej na elektronicznym no\u015bniku danych, je\u017celi podmiot wykonuj\u0105cy dzia\u0142alno\u015b\u0107 lecznicz\u0105 prowadzi dokumentacj\u0119 medyczn\u0105 w postaci elektronicznej &#8211; 0,0004 przeci\u0119tnego wynagrodzenia, o kt\u00f3rym mowa w pkt 1.<\/li><\/ul><\/li>\n<li>Kierownik podmiotu, lub osoba przez niego wyznaczona, mo\u017ce zwolni\u0107 pacjenta z obowi\u0105zku uiszczenia w\/w op\u0142aty.<\/li>\n<li>Op\u0142aty, o kt\u00f3rej mowa w ust. 4, nie pobiera si\u0119 w przypadku udost\u0119pnienia dokumentacji medycznej:<ol><li>pacjentowi albo jego przedstawicielowi ustawowemu po raz pierwszy w \u017c\u0105danym zakresie i w spos\u00f3b, o kt\u00f3rym mowa w art. 27 ust. 1 pkt 2 i 5 oraz ust. 3 ustawy o prawach pacjenta,<\/li><li>w zwi\u0105zku z post\u0119powaniem przed wojew\u00f3dzk\u0105 komisj\u0105 do spraw orzekania o zdarzeniach medycznych, o kt\u00f3rej mowa w art. 67e ust. 1 ustawy o prawach pacjenta.<\/li><\/ol><\/li>\n<\/ol>\n<p style=\"text-align: center;\"><strong>\u00a712<\/strong><\/p>\n<ol>\n<li>Podmiot udziela wy\u0142\u0105cznie \u015bwiadcze\u0144 finansowanych przez Narodowy Fundusz Zdrowia.<\/li><\/ol>\n<p style=\"text-align: center;\"><strong>\u00a714<\/strong><\/p>\n<ol>\n<li>W budynku Podmiotu Leczniczego, a tak\u017ce na terenach do nich przyleg\u0142ych prowadzony mo\u017ce by\u0107 monitoring wizyjny.<\/li>\n<li>Monitoring dotyczy pomieszcze\u0144 og\u00f3lnodost\u0119pnych, w zakresie w jakim jest to niezb\u0119dne do zapewnienia bezpiecze\u0144stwa pacjent\u00f3w lub pracownik\u00f3w pomieszcze\u0144,<\/li>\n<li>Monitoring nie jest prowadzony w pomieszczeniach, w kt\u00f3rych w kt\u00f3rych s\u0105 udzielane \u015bwiadczenia zdrowotne oraz pomieszczeniach pobytu pacjent\u00f3w, w szczeg\u00f3lno\u015bci pokojach \u0142\u00f3\u017ckowych, pomieszczeniach higieniczno-sanitarnych, przebieralniach, szatniach.<\/li>\n<li>Monitoring przechowywany jest przez okres 30 dni.<\/li>\n<\/ol>\n","protected":false},"excerpt":{"rendered":"<p>Zakres prowadzonej terapii: Prowadzimy terapi\u0119 os\u00f3b uzale\u017cnionych od alkoholu, a tak\u017ce os\u00f3b u\u017cywaj\u0105cych naprzemiennie alkoholu i innych \u015brodk\u00f3w psychoaktywnych oraz cz\u0142onk\u00f3w ich rodzin. Ka\u017cdy kto<\/p>\n<div class=\"read-more-wrapper\"><a class=\"link small\" href=\"https:\/\/www.nzozlitewska.pl\/index.php\/dla-pacjentow\/\" role=\"button\">Dowiedz si\u0119 wi\u0119cej<span class=\"nc-icon-glyph arrows-1_bold-right\"><\/span><\/a><\/div>\n","protected":false},"author":1,"featured_media":0,"parent":0,"menu_order":0,"comment_status":"closed","ping_status":"closed","template":"","meta":[],"yoast_head":"<!-- This site is optimized with the Yoast SEO plugin v14.9 - https:\/\/yoast.com\/wordpress\/plugins\/seo\/ -->\n<title>Dla pacjent\u00f3w - NZOZ Litewska<\/title>\n<meta name=\"description\" content=\"Prowadzimy terapi\u0119 os\u00f3b uzale\u017cnionych od alkoholu i innych \u015brodk\u00f3w oraz cz\u0142onk\u00f3w ich rodzin. Zapraszamy do zapoznania si\u0119 z zakresem terapii.\" \/>\n<meta name=\"robots\" content=\"index, follow, max-snippet:-1, max-image-preview:large, max-video-preview:-1\" \/>\n<link rel=\"canonical\" href=\"https:\/\/www.nzozlitewska.pl\/index.php\/dla-pacjentow\/\" \/>\n<meta property=\"og:locale\" content=\"pl_PL\" \/>\n<meta property=\"og:type\" content=\"article\" \/>\n<meta property=\"og:title\" content=\"Dla pacjent\u00f3w - NZOZ Litewska\" \/>\n<meta property=\"og:description\" content=\"Prowadzimy terapi\u0119 os\u00f3b uzale\u017cnionych od alkoholu i innych \u015brodk\u00f3w oraz cz\u0142onk\u00f3w ich rodzin. Zapraszamy do zapoznania si\u0119 z zakresem terapii.\" \/>\n<meta property=\"og:url\" content=\"https:\/\/www.nzozlitewska.pl\/index.php\/dla-pacjentow\/\" \/>\n<meta property=\"og:site_name\" content=\"NZOZ Litewska\" \/>\n<meta property=\"article:publisher\" content=\"https:\/\/www.facebook.com\/Poradnia-Leczenia-Uzale%c5%bcnie%c5%84-i-Wsp%c3%b3%c5%82uzale%c5%bcnienia-NZOZ-Litewska-106402177881265\/\" \/>\n<meta property=\"article:modified_time\" content=\"2025-10-28T19:22:04+00:00\" \/>\n<meta name=\"twitter:card\" content=\"summary_large_image\" \/>\n<script type=\"application\/ld+json\" class=\"yoast-schema-graph\">{\"@context\":\"https:\/\/schema.org\",\"@graph\":[{\"@type\":\"WebSite\",\"@id\":\"https:\/\/www.nzozlitewska.pl\/#website\",\"url\":\"https:\/\/www.nzozlitewska.pl\/\",\"name\":\"NZOZ Litewska\",\"description\":\"Niepubliczny Zak\\u0142ad Opieki Zdrowotnej Poradnia Leczenia Uzale\\u017cnie\\u0144 i Wsp\\u00f3\\u0142uzale\\u017cnienia\",\"potentialAction\":[{\"@type\":\"SearchAction\",\"target\":\"https:\/\/www.nzozlitewska.pl\/?s={search_term_string}\",\"query-input\":\"required name=search_term_string\"}],\"inLanguage\":\"pl-PL\"},{\"@type\":\"WebPage\",\"@id\":\"https:\/\/www.nzozlitewska.pl\/index.php\/dla-pacjentow\/#webpage\",\"url\":\"https:\/\/www.nzozlitewska.pl\/index.php\/dla-pacjentow\/\",\"name\":\"Dla pacjent\\u00f3w - NZOZ Litewska\",\"isPartOf\":{\"@id\":\"https:\/\/www.nzozlitewska.pl\/#website\"},\"datePublished\":\"2020-09-17T15:07:28+00:00\",\"dateModified\":\"2025-10-28T19:22:04+00:00\",\"description\":\"Prowadzimy terapi\\u0119 os\\u00f3b uzale\\u017cnionych od alkoholu i innych \\u015brodk\\u00f3w oraz cz\\u0142onk\\u00f3w ich rodzin. Zapraszamy do zapoznania si\\u0119 z zakresem terapii.\",\"inLanguage\":\"pl-PL\",\"potentialAction\":[{\"@type\":\"ReadAction\",\"target\":[\"https:\/\/www.nzozlitewska.pl\/index.php\/dla-pacjentow\/\"]}]}]}<\/script>\n<!-- \/ Yoast SEO plugin. -->","_links":{"self":[{"href":"https:\/\/www.nzozlitewska.pl\/index.php\/wp-json\/wp\/v2\/pages\/55"}],"collection":[{"href":"https:\/\/www.nzozlitewska.pl\/index.php\/wp-json\/wp\/v2\/pages"}],"about":[{"href":"https:\/\/www.nzozlitewska.pl\/index.php\/wp-json\/wp\/v2\/types\/page"}],"author":[{"embeddable":true,"href":"https:\/\/www.nzozlitewska.pl\/index.php\/wp-json\/wp\/v2\/users\/1"}],"replies":[{"embeddable":true,"href":"https:\/\/www.nzozlitewska.pl\/index.php\/wp-json\/wp\/v2\/comments?post=55"}],"version-history":[{"count":11,"href":"https:\/\/www.nzozlitewska.pl\/index.php\/wp-json\/wp\/v2\/pages\/55\/revisions"}],"predecessor-version":[{"id":265,"href":"https:\/\/www.nzozlitewska.pl\/index.php\/wp-json\/wp\/v2\/pages\/55\/revisions\/265"}],"wp:attachment":[{"href":"https:\/\/www.nzozlitewska.pl\/index.php\/wp-json\/wp\/v2\/media?parent=55"}],"curies":[{"name":"wp","href":"https:\/\/api.w.org\/{rel}","templated":true}]}}