{"id":81,"date":"2020-09-17T18:38:50","date_gmt":"2020-09-17T16:38:50","guid":{"rendered":"http:\/\/www.nzozlitewska.pl\/?page_id=81"},"modified":"2025-10-28T20:40:33","modified_gmt":"2025-10-28T19:40:33","slug":"kontakt","status":"publish","type":"page","link":"https:\/\/www.nzozlitewska.pl\/index.php\/kontakt\/","title":{"rendered":"Kontakt"},"content":{"rendered":"\n<div class=\"su-row\"><div class=\"su-column su-column-size-1-2\"><div class=\"su-column-inner su-u-clearfix su-u-trim\"><h2>Dane teleadresowe<\/h2><div class=\"su-service\"><div class=\"su-service-title\" style=\"padding-left:46px;min-height:32px;line-height:32px\"><i class=\"sui sui-map\" style=\"font-size:32px;color:#333\"><\/i> ul. Litewska 8, 60-605 Pozna\u0144<\/div><div class=\"su-service-content su-u-clearfix su-u-trim\" style=\"padding-left:46px\"><\/div><\/div><a href=\"tel:618484185\"><div class=\"su-service\"><div class=\"su-service-title\" style=\"padding-left:46px;min-height:32px;line-height:32px\"><i class=\"sui sui-fax\" style=\"font-size:32px;color:#333\"><\/i> 61 848 41 85<\/div><div class=\"su-service-content su-u-clearfix su-u-trim\" style=\"padding-left:46px\"><\/div><\/div><\/a><a href=\"tel:503822633\"><div class=\"su-service\"><div class=\"su-service-title\" style=\"padding-left:46px;min-height:32px;line-height:32px\"><i class=\"sui sui-phone\" style=\"font-size:32px;color:#333\"><\/i> 503 822 633<\/div><div class=\"su-service-content su-u-clearfix su-u-trim\" style=\"padding-left:46px\"><\/div><\/div><\/a><a href=\"mailto:kontakt@nzozlitewska.pl\"><div class=\"su-service\"><div class=\"su-service-title\" style=\"padding-left:46px;min-height:32px;line-height:32px\"><i class=\"sui sui-envelope\" style=\"font-size:32px;color:#333\"><\/i> kontakt@nzozlitewska.pl<\/div><div class=\"su-service-content su-u-clearfix su-u-trim\" style=\"padding-left:46px\"><\/div><\/div><\/a><div class=\"su-service\"><div class=\"su-service-title\" style=\"padding-left:46px;min-height:32px;line-height:32px\"><i class=\"sui sui-wpforms\" style=\"font-size:32px;color:#333\"><\/i> NIP 782-162-46-79<\/div><div class=\"su-service-content su-u-clearfix su-u-trim\" style=\"padding-left:46px\"><\/div><\/div><div class=\"su-service\"><div class=\"su-service-title\" style=\"padding-left:46px;min-height:32px;line-height:32px\"><i class=\"sui sui-file-text\" style=\"font-size:32px;color:#333\"><\/i> Regon 634512746-00023<\/div><div class=\"su-service-content su-u-clearfix su-u-trim\" style=\"padding-left:46px\"><\/div><\/div><a href=\"https:\/\/www.facebook.com\/Poradnia-Leczenia-Uzale%C5%BCnie%C5%84-i-Wsp%C3%B3%C5%82uzale%C5%BCnienia-NZOZ-Litewska-106402177881265\/\"><div class=\"su-service\"><div class=\"su-service-title\" style=\"padding-left:46px;min-height:32px;line-height:32px\"><i class=\"sui sui-facebook\" style=\"font-size:32px;color:#333\"><\/i> Facebook<\/div><div class=\"su-service-content su-u-clearfix su-u-trim\" style=\"padding-left:46px\"><\/div><\/div><\/a><div class=\"su-service\"><div class=\"su-service-title\" style=\"padding-left:46px;min-height:32px;line-height:32px\"><i class=\"sui sui-info\" style=\"font-size:32px;color:#333\"><\/i> Informacje dodatkowe<\/div><div class=\"su-service-content su-u-clearfix su-u-trim\" style=\"padding-left:46px\">Poradnia czynna jest w poniedzia\u0142ki i pi\u0105tki od 8:00 do 19:00, a we wtorki, \u015brody i czwartki od 9:00 do 20:00.<\/div><\/div><\/div><\/div><div class=\"su-column su-column-size-1-2\"><div class=\"su-column-inner su-u-clearfix su-u-trim\"><h2>Formularz kontaktowy<\/h2><div role=\"form\" class=\"wpcf7\" id=\"wpcf7-f80-o1\" lang=\"pl-PL\" dir=\"ltr\">\n<div class=\"screen-reader-response\"><p role=\"status\" aria-live=\"polite\" aria-atomic=\"true\"><\/p> <ul><\/ul><\/div>\n<form action=\"\/index.php\/wp-json\/wp\/v2\/pages\/81#wpcf7-f80-o1\" method=\"post\" class=\"wpcf7-form init\" novalidate=\"novalidate\" data-status=\"init\">\n<div style=\"display: none;\">\n<input type=\"hidden\" name=\"_wpcf7\" value=\"80\" \/>\n<input type=\"hidden\" name=\"_wpcf7_version\" value=\"5.3.2\" \/>\n<input type=\"hidden\" name=\"_wpcf7_locale\" value=\"pl_PL\" \/>\n<input type=\"hidden\" name=\"_wpcf7_unit_tag\" value=\"wpcf7-f80-o1\" \/>\n<input type=\"hidden\" name=\"_wpcf7_container_post\" value=\"0\" \/>\n<input type=\"hidden\" name=\"_wpcf7_posted_data_hash\" value=\"\" \/>\n<input type=\"hidden\" name=\"_wpcf7_recaptcha_response\" value=\"\" \/>\n<\/div>\n<p><label> Imi\u0119 i nazwisko (wymagane)<br \/>\n    <span class=\"wpcf7-form-control-wrap your-name\"><input type=\"text\" name=\"your-name\" value=\"\" size=\"40\" class=\"wpcf7-form-control wpcf7-text wpcf7-validates-as-required\" aria-required=\"true\" aria-invalid=\"false\" \/><\/span> <\/label><\/p>\n<p><label> Tw\u00f3j email (wymagane)<br \/>\n    <span class=\"wpcf7-form-control-wrap your-email\"><input type=\"email\" name=\"your-email\" value=\"\" size=\"40\" class=\"wpcf7-form-control wpcf7-text wpcf7-email wpcf7-validates-as-required wpcf7-validates-as-email\" aria-required=\"true\" aria-invalid=\"false\" \/><\/span> <\/label><\/p>\n<p><label> Temat<br \/>\n    <span class=\"wpcf7-form-control-wrap your-subject\"><input type=\"text\" name=\"your-subject\" value=\"\" size=\"40\" class=\"wpcf7-form-control wpcf7-text\" aria-invalid=\"false\" \/><\/span> <\/label><\/p>\n<p><label> Tre\u015b\u0107 wiadomo\u015bci<br \/>\n    <span class=\"wpcf7-form-control-wrap your-message\"><textarea name=\"your-message\" cols=\"40\" rows=\"10\" class=\"wpcf7-form-control wpcf7-textarea\" aria-invalid=\"false\"><\/textarea><\/span> <\/label><\/p>\n<p><input type=\"submit\" value=\"Wy\u015blij\" class=\"wpcf7-form-control wpcf7-submit\" \/><\/p>\n<div class=\"wpcf7-response-output\" aria-hidden=\"true\"><\/div><\/form><\/div><\/div><\/div><\/div>\n<div class=\"su-row\"><h2>Mapa dojazdu<\/h2>\n\n\n\t\t\t\t<div id=\"map_ol3js_1\" class=\"map undefined\" data-map_name=\"undefined\" data-map=\"map_ol3js_1\" style=\"width:100%; height:500px; overflow:hidden;border:thin solid; background-image: url(https:\/\/www.nzozlitewska.pl\/wp-content\/plugins\/osm\/); background-repeat: no-repeat; background-position: center; position: relative;\" >\n\t\t\t\t  <div id=\"map_ol3js_1_popup\" class=\"ol-popup\" >\n\t\t\t\t\t<a href=\"#\" id=\"map_ol3js_1_popup-closer\" class=\"ol-popup-closer\"><\/a>\n\t\t\t\t\t<div id=\"map_ol3js_1_popup-content\" ><\/div>\n\t\t\t\t  <\/div>\n\t\t\t\t<\/div>\n\t\t\t\n\t\t\t\t<link rel=\"stylesheet\" href=\"https:\/\/www.nzozlitewska.pl\/wp-content\/plugins\/osm\/js\/OL\/6.4.3\/ol.css\" type=\"text\/css\">\n\t\t\t\t<link rel=\"stylesheet\" href=\"https:\/\/www.nzozlitewska.pl\/wp-content\/plugins\/osm\/css\/osm_map_v3.css\" type=\"text\/css\">\n\t\t\t\t<link rel=\"stylesheet\" href=\"https:\/\/www.nzozlitewska.pl\/wp-content\/plugins\/osm\/css\/osm_map.css\" type=\"text\/css\">\n\t\t\t\t<!-- The line below is only needed for old environments like Internet Explorer and Android 4.x -->\n                                <script src=\"https:\/\/www.nzozlitewska.pl\/wp-content\/plugins\/osm\/js\/polyfill\/v2\/polyfill.min.js?features=requestAnimationFrame,Element.prototype.classList,URL\"><\/script>\n\n\t\t\t\t<script src=\"https:\/\/www.nzozlitewska.pl\/wp-content\/plugins\/osm\/js\/OL\/6.4.3\/ol.js\" type=\"text\/javascript\"><\/script>\n\t\t\t\t<script src=\"https:\/\/www.nzozlitewska.pl\/wp-content\/plugins\/osm\/js\/osm-v3-plugin-lib.js\" type=\"text\/javascript\"><\/script>\n\t\t\t\t<script src=\"https:\/\/www.nzozlitewska.pl\/wp-content\/plugins\/osm\/js\/osm-metabox-events.js\" type=\"text\/javascript\"><\/script>\n\t\t\t\t<script src=\"https:\/\/www.nzozlitewska.pl\/wp-content\/plugins\/osm\/js\/osm-startup-lib.js\" type=\"text\/javascript\"><\/script>\n\t\t\t\t<script type=\"text\/javascript\">\n\t\t\t\t\ttranslations['openlayer'] = \"open layer\";\n\t\t\t\t\ttranslations['openlayerAtStartup'] = \"open layer at startup\";\n\t\t\t\t\ttranslations['generateLink'] = \"link to this map with opened layers\";\n\t\t\t\t\ttranslations['shortDescription'] = \"short description\";\n\t\t\t\t\ttranslations['generatedShortCode'] = \"to get a text control link paste this code in your wordpress editor\";\n\t\t\t\t\ttranslations['closeLayer'] = \"close layer\";\n\t\t\t\t\ttranslations['cantGenerateLink'] = \"put this string in the existing map short code to control this map\";\n\t\t\t\t<\/script>\n\n\t\t\t  <script type=\"text\/javascript\">vectorM['map_ol3js_1'] = [];\n\n\tvar attribution = new ol.control.Attribution({\n        collapsible: false\n      });\n\n\n      \n      var raster = new ol.layer.Tile({\n        source: new ol.source.OSM({ }),\n        zIndex: 90\n      });\n      var Controls = ol.control.defaults({ attribution: false }).extend([\n          attribution\n      ]); \n\t\t\t  map_ol3js_1 = new ol.Map({\n\t\tcontrols: Controls,\n\t\t\n\t\t\t\tinteractions: ol.interaction.defaults({mouseWheelZoom:false}),\n\t\t\t\tlayers: [raster],\n\t\t\t\ttarget: \"map_ol3js_1\",\n\t\t\t\tview: new ol.View({\n\t\t\t\t  center: ol.proj.transform([16.905756,52.420606], \"EPSG:4326\", \"EPSG:3857\"),\n\t\t\t\t  zoom: 18\n\t\t\t\t})\n\t\t\t  });\n\t\t\t  osm_addMarkerLayer(map_ol3js_1,16.9057,52.4206,\"https:\/\/www.nzozlitewska.pl\/wp-content\/plugins\/osm\/icons\/mic_blue_pinother_02.png\",-16,-41,\"  <\/a><br \/>\") ; \n\t\t  var osm_controls = [\n\t\t\tnew ol.control.Attribution(),\n\t\t\tnew ol.control.MousePosition({\n\t\t\t  undefinedHTML: \"outside\",\n\t\t\t  projection: \"EPSG:4326\",\n\t\t\t  coordinateFormat: function(coordinate) {\n\t\t\t\t return ol.coordinate.format(coordinate, \"{y}, {x}\", 5);\n\t\t\t  }\n\t\t\t}),\n\t\t\tnew ol.control.OverviewMap({\n\t\t\t  collapsed: false\n\t\t\t}),\n\t\t\tnew ol.control.Rotate({\n\t\t\t  autoHide: false\n\t\t\t}),\n\t\t\tnew ol.control.ScaleLine(),\n\t\t\tnew ol.control.Zoom(),\n\t\t\tnew ol.control.ZoomSlider(),\n\t\t\tnew ol.control.ZoomToExtent({\n      extent: [-11243808.051695308, 1.202710291, 9561377.290892059, 6852382.107835932]\n    }),\n\t\t\tnew ol.control.FullScreen()\n\t\t  ]; \nosm_addPopupClickhandler(map_ol3js_1,  \"map_ol3js_1\"); \nosm_addMouseHover(map_ol3js_1); <\/script><\/div>\n<div class=\"su-row\">\n<h2 id=\"rodo\">Klauzula RODO<\/h2>\n<p style=\"text-align: justify; text-indent: 40px;\">W wypadku przes\u0142ania danych Pani\/Pana dane osobowe b\u0119d\u0105 przetwarzane na nast\u0119puj\u0105cych zasadach:<\/p><ol><li>Administratorem danych jest Niepubliczny Zak\u0142ad Opieki Zdrowotnej Poradnia Leczenia Uzale\u017cnie\u0144 I Wsp\u00f3\u0142uzale\u017cnienia ul. Litewska 8, 60-605 Pozna\u0144  tel. 61-8484185 mail kontakt@nzozlitewska.pl <\/li><li>Dane zbierane s\u0105 dla cel\u00f3w przedstawiania na Pani\/Pana wyra\u017an\u0105 pro\u015bb\u0119 informacji o ofercie Poradni, rejestracji na wizyt\u0119 w Poradnia lub w zakresie niezb\u0119dnych do udzielenia \u015bwiadczenia medycznego. Dane s\u0105 przetwarzane s\u0105 na podstawie art. 6 ust. 1 lit. b) RODO.<\/li><li>Przetwarzane b\u0119d\u0119 Pani\/Pana dane osobowe zwyk\u0142e, a tak\u017ce dane o stanie zdrowia w zakresie koniecznym do realizacji celu, o kt\u00f3rym mowa w pkt 2.<\/li><li>Pani\/Pana dane osobowe mog\u0105 by\u0107 przekazane osobom wykonuj\u0105cym wsp\u00f3lnie z Poradni\u0105 \u015bwiadczenia medyczne.<\/li><li>Dane b\u0119d\u0119 przetwarzane przez ca\u0142y okres niezb\u0119dny do realizacji cel\u00f3w, o kt\u00f3rych mowa w pkt 2.<\/li><li>Przys\u0142uguje Pani\/Panu prawo \u017c\u0105dania od administratora dost\u0119pu do Pana\/Pani danych osobowych,  ich sprostowania, usuni\u0119cia lub ograniczenia przetwarzania, a tak\u017ce prawo do wniesienia sprzeciwu wobec przetwarzania oraz prawo do przenoszenia danych na zasadach okre\u015blonych w RODO. <\/li><li>Przys\u0142uguje Pani\/Panu prawo do cofni\u0119cie zgody w dowolnym momencie bez wp\u0142ywu na zgodno\u015b\u0107 z prawem przetwarzania, kt\u00f3rego dokonano na podstawie zgody przed jej cofni\u0119ciem w zakresie w jakim dane s\u0105 przetwarzane na podstawie zgody. Cofni\u0119cia zgody dokonuje si\u0119 poprzez kontakt mailowy pod adresem: kontakt@nzozlitewska.pl<\/li><li>Przys\u0142uguje Pani\/Panu prawo skargi do organu nadzorczego.<\/li><li>Podanie danych jest dobrowolne, ale konieczne do realizacji wynikaj\u0105cego z Pani\/Pana maila celu polegaj\u0105cego na przedstawianiu na Pani\/Pana wyra\u017an\u0105 pro\u015bb\u0119 informacji o ofercie Poradni, rejestracji na wizyt\u0119 w Poradni lub do udzielenia \u015bwiadczenia medycznego.<\/li><\/ol><\/div>\n\n\n\n<p><\/p>\n","protected":false},"excerpt":{"rendered":"","protected":false},"author":1,"featured_media":0,"parent":0,"menu_order":0,"comment_status":"closed","ping_status":"closed","template":"","meta":[],"yoast_head":"<!-- This site is optimized with the Yoast SEO plugin v14.9 - https:\/\/yoast.com\/wordpress\/plugins\/seo\/ -->\n<title>Kontakt - NZOZ Litewska<\/title>\n<meta name=\"description\" content=\"Telefon: 61-84-84-185 lub 503-822-633. Poczta elektroniczna: kontakt@nzozlitewska.pl. Adres: ul. Litewska 8, 60-605 Pozna\u0144\" \/>\n<meta name=\"robots\" content=\"index, follow, max-snippet:-1, max-image-preview:large, max-video-preview:-1\" \/>\n<link rel=\"canonical\" href=\"https:\/\/www.nzozlitewska.pl\/index.php\/kontakt\/\" \/>\n<meta property=\"og:locale\" content=\"pl_PL\" \/>\n<meta property=\"og:type\" content=\"article\" \/>\n<meta property=\"og:title\" content=\"Kontakt - NZOZ Litewska\" \/>\n<meta property=\"og:description\" content=\"Telefon: 61-84-84-185 lub 503-822-633. Poczta elektroniczna: kontakt@nzozlitewska.pl. Adres: ul. Litewska 8, 60-605 Pozna\u0144\" \/>\n<meta property=\"og:url\" content=\"https:\/\/www.nzozlitewska.pl\/index.php\/kontakt\/\" \/>\n<meta property=\"og:site_name\" content=\"NZOZ Litewska\" \/>\n<meta property=\"article:publisher\" content=\"https:\/\/www.facebook.com\/Poradnia-Leczenia-Uzale%c5%bcnie%c5%84-i-Wsp%c3%b3%c5%82uzale%c5%bcnienia-NZOZ-Litewska-106402177881265\/\" \/>\n<meta property=\"article:modified_time\" content=\"2025-10-28T19:40:33+00:00\" \/>\n<meta name=\"twitter:card\" content=\"summary_large_image\" \/>\n<script type=\"application\/ld+json\" class=\"yoast-schema-graph\">{\"@context\":\"https:\/\/schema.org\",\"@graph\":[{\"@type\":\"WebSite\",\"@id\":\"https:\/\/www.nzozlitewska.pl\/#website\",\"url\":\"https:\/\/www.nzozlitewska.pl\/\",\"name\":\"NZOZ Litewska\",\"description\":\"Niepubliczny Zak\\u0142ad Opieki Zdrowotnej Poradnia Leczenia Uzale\\u017cnie\\u0144 i Wsp\\u00f3\\u0142uzale\\u017cnienia\",\"potentialAction\":[{\"@type\":\"SearchAction\",\"target\":\"https:\/\/www.nzozlitewska.pl\/?s={search_term_string}\",\"query-input\":\"required name=search_term_string\"}],\"inLanguage\":\"pl-PL\"},{\"@type\":\"WebPage\",\"@id\":\"https:\/\/www.nzozlitewska.pl\/index.php\/kontakt\/#webpage\",\"url\":\"https:\/\/www.nzozlitewska.pl\/index.php\/kontakt\/\",\"name\":\"Kontakt - NZOZ Litewska\",\"isPartOf\":{\"@id\":\"https:\/\/www.nzozlitewska.pl\/#website\"},\"datePublished\":\"2020-09-17T16:38:50+00:00\",\"dateModified\":\"2025-10-28T19:40:33+00:00\",\"description\":\"Telefon: 61-84-84-185 lub 503-822-633. Poczta elektroniczna: kontakt@nzozlitewska.pl. Adres: ul. Litewska 8, 60-605 Pozna\\u0144\",\"inLanguage\":\"pl-PL\",\"potentialAction\":[{\"@type\":\"ReadAction\",\"target\":[\"https:\/\/www.nzozlitewska.pl\/index.php\/kontakt\/\"]}]}]}<\/script>\n<!-- \/ Yoast SEO plugin. -->","_links":{"self":[{"href":"https:\/\/www.nzozlitewska.pl\/index.php\/wp-json\/wp\/v2\/pages\/81"}],"collection":[{"href":"https:\/\/www.nzozlitewska.pl\/index.php\/wp-json\/wp\/v2\/pages"}],"about":[{"href":"https:\/\/www.nzozlitewska.pl\/index.php\/wp-json\/wp\/v2\/types\/page"}],"author":[{"embeddable":true,"href":"https:\/\/www.nzozlitewska.pl\/index.php\/wp-json\/wp\/v2\/users\/1"}],"replies":[{"embeddable":true,"href":"https:\/\/www.nzozlitewska.pl\/index.php\/wp-json\/wp\/v2\/comments?post=81"}],"version-history":[{"count":19,"href":"https:\/\/www.nzozlitewska.pl\/index.php\/wp-json\/wp\/v2\/pages\/81\/revisions"}],"predecessor-version":[{"id":269,"href":"https:\/\/www.nzozlitewska.pl\/index.php\/wp-json\/wp\/v2\/pages\/81\/revisions\/269"}],"wp:attachment":[{"href":"https:\/\/www.nzozlitewska.pl\/index.php\/wp-json\/wp\/v2\/media?parent=81"}],"curies":[{"name":"wp","href":"https:\/\/api.w.org\/{rel}","templated":true}]}}